- 4. Let v be i(-7). Give c(v).
-3
Let l(g) = -20*g**3 + g**2 + g. Let b = -108 - -107. Calculate l(b).
20
Let t(q) = q. Let f(d) = -6*d. Let h(y) = 2*f(y) + 2*t(y). Determine h(-1).
10
Let b(c) = -2 - 21*c**2 + 6*c - 3*c + 22*c**2. Determine b(-3).
-2
Let u(j) = 3*j**3 - 4*j**2 - 3*j - 2. Let z(l) = 4*l**3 - 4*l**2 - 4*l - 2. Let d(f) = -3*u(f) + 2*z(f). Give d(4).
6
Let i(u) = 36*u**3 + u**2 - u. Let a be i(1). Suppose 0 = r + 3*r + a. Let v = r - -7. Let q(k) = 5*k + 3. Give q(v).
-7
Let h(v) = -2*v + 3. Let s(b) = -7*b + 13. Let l(z) = 9*h(z) - 2*s(z). Let i(c) = 2*c. Let p(n) = 7*i(n) + 3*l(n). Suppose 4*j + 14 = -6. Determine p(j).
-7
Let r be 3*(6 + -2 + -3). Suppose 7 + 5 = r*s. Let i(u) = -u**3 + 3*u**2 + 4*u - 5. Calculate i(s).
-5
Let g(c) be the first derivative of -c**3/3 + 5*c**2/2 - 2*c - 5. Calculate g(3).
4
Let g(s) = -s**2 - 10*s - 6. Let y be g(-9). Suppose y*u + 0*u = 27. Let d(m) = -u + 3 + 13 + 2*m. Calculate d(-5).
-3
Let g(x) be the second derivative of -2*x**2 + 3*x + 0 - 1/6*x**3. Calculate g(3).
-7
Let g(n) = -n**2 - 3*n - 7. Let q(u) = u**2 + 1. Let j(d) = g(d) + 2*q(d). What is j(6)?
13
Suppose 6*a = -20 + 2. Let m(x) = -x**2 - 3*x + 1. What is m(a)?
1
Let l(h) = 4 - 6*h + 2*h + h**2 - 4*h - 2. Determine l(6).
-10
Let u(k) = k**3 + 4*k**2 + k + 8. Let r be u(-4). Let m(h) = -h**3 + 3*h**2 + 4*h - 4. What is m(r)?
-4
Let y(l) = 3*l - 2. Let p = 9 + -7. Suppose -6*r = -r + 40. Let o be (-22)/r + p/8. What is y(o)?
7
Let y(o) = o**3 + o**2 + o + 5. Let n = 4 + -6. Let s = n - -5. Let u(t) = -t + 3. Let d be u(s). Give y(d).
5
Let k(t) = -2*t**3 + 3*t**2 - 3*t. Suppose 3*z - 46 = 5*s, 0 = -5*z + 4*z + 2. Let j(o) = o**3 + 7*o**2 - 8*o + 2. Let d be j(s). Determine k(d).
-10
Let g = 6 + -4. Suppose 4 = -g*f - 0*f. Let o(w) be the first derivative of w**4/4 - w**2/2 + 2*w + 1. What is o(f)?
-4
Suppose 4*n - 12 = 4*s, 2*n = n - 3*s + 3. Let a(c) = -n*c + 3*c + c. Let h(o) = -o**2 + o + 2. Let f be h(3). Calculate a(f).
-4
Let w(l) be the first derivative of l**7/420 + l**6/360 + l**5/120 - l**4/24 - 4*l**3/3 + 2. Let k(h) be the third derivative of w(h). Calculate k(1).
3
Let s = 68 + -62. Let k(d) = -d**3 + 9*d**2 + 11*d - 5. Let o(l) = l**2 + l + 1. Let r(a) = -k(a) + 4*o(a). Give r(s).
3
Let z(u) be the third derivative of -u**5/60 - u**4/6 - u**3/6 - 22*u**2. Give z(-6).
-13
Let o(s) be the second derivative of -s**4/12 + 2*s**3/3 - 3*s**2/2 + 81*s. Suppose 2*u - 1 = 3. What is o(u)?
1
Let a(k) = k**2 - 12*k + 13. Let c be a(11). Let i(n) = n + 1. Let z be i(2). Let p(g) = z*g + 2*g - 3*g + 2. Calculate p(c).
6
Let v = 15 + 24. Suppose -5*k = -5*u - 85, -k - 2*k + v = -2*u. Let h be (-2)/3*u/2. Let j(a) = -a**3 + 4*a**2 - 4*a + 4. Determine j(h).
-12
Let v(u) = -u**2 + 6*u + 5. Let j = -32 - -17. Let w = -9 - j. Let q be v(w). Let a(g) = g - 9. Determine a(q).
-4
Let w = -4 + 8. Suppose 3*z - 2*b - 24 = 3*b, 0 = z + 2*b - 8. Let d = z - w. Let l(k) = k - 2. Give l(d).
2
Let a(i) = -105*i**2 - 1 + 52*i**2 + i - i**3 + 52*i**2. What is a(0)?
-1
Let o be 3*3/9*-1. Let n be ((-1)/2)/(o/(-6)). Let l(u) = 2*u. Determine l(n).
-6
Let r(o) = 28*o + 24*o + 8 - 51*o - 2. Determine r(0).
6
Let o(c) = -c + 4. Suppose 0 = -5*d + 43 + 7. Let y be 4/3*75/d. Suppose t = -t + y. Determine o(t).
-1
Let y be ((-39)/(-52))/(2/16). Suppose -2*a + 8 - y = 0. Let x(d) = 7*d**2 - d + 1. What is x(a)?
7
Let c = 11 + -4. Suppose -4*v - c = -27. Let p(h) = h**2 - 4*h - 3. What is p(v)?
2
Let l(u) = -u**3 + 7*u**2 - 8*u + 8. Suppose 0*t = 2*t - 12. Let k be l(t). Let x(g) = 3*g**3 - 4*g + 1 - 3*g**2 - 2*g**2 - 4*g**3. What is x(k)?
1
Suppose 2 + 23 = 5*t. Suppose 0 = -5*n - 3*c + 22, -t*c + 0*c = 2*n - 24. Let v(s) = 3*s. Give v(n).
6
Let q(x) = 2*x**3 + 33*x**2 - 17*x - 1. Let z be q(-17). Let i(c) = 4*c**2. Calculate i(z).
4
Let m = -42 + 35. Let o(w) = w**3 + 7*w**2 + 2*w + 10. What is o(m)?
-4
Let f(n) = -n**2 + 8*n - 7. Let q be f(6). Let i(c) = -q + 6 - 1 + 2*c. Give i(3).
6
Let l(d) = 4*d**2 + d. Suppose -q - 2 = q. Let r be l(q). Let s(t) = t**2 + t - 1. Let z(y) = -y**3 + 6*y**2 + y - 3. Let p(c) = -3*s(c) + z(c). What is p(r)?
-6
Let t(j) = j**2 + 11*j + 11. Suppose 22 = -6*g - 26. Determine t(g).
-13
Let s(w) = w - 2. Let k be s(2). Suppose -12 = -t - 6. Let p(f) = -f - 4 - t + 3. Determine p(k).
-7
Let k(n) be the second derivative of -4*n - 1/12*n**4 + 0 + 0*n**2 + 0*n**3 - 1/10*n**5. Determine k(1).
-3
Let m(v) = 7*v**2 - 1 + 0*v**2 - v**3 - 4 - v - 4*v. Let c be m(6). Let s(o) = o + c - 2 - o - o. Calculate s(4).
-5
Let b(q) = -6*q + 5. Let p(l) = 3*l - 3. Let i(a) = -6*b(a) - 11*p(a). Let o(r) = -r - 13. Let m be o(-10). Calculate i(m).
-6
Let k(y) = 5*y**3 + 9*y**2 - 16*y + 6. Let t(p) = -9*p**3 - 18*p**2 + 31*p - 11. Let z(f) = -11*k(f) - 6*t(f). Calculate z(8).
-16
Let v be (3 + -4)*(-1 - -7). Let o(i) be the third derivative of -i**5/60 - i**4/6 + 7*i**3/6 - 2*i**2. What is o(v)?
-5
Let q(z) be the first derivative of -4 - 4*z + 1/3*z**3 + 7/2*z**2. What is q(-8)?
4
Let t(b) = -3*b**3 - 6 + 4*b + b**3 + 3*b**3 + b - 6*b**2. What is t(5)?
-6
Let h(a) = 4*a + 1. Let w = 24 + -18. Let m be 4/(6*2)*w. Give h(m).
9
Let n(h) be the second derivative of 5*h**3/6 + h**2/2 + 19*h. Determine n(-1).
-4
Let g(f) be the first derivative of -f**3/3 + 2*f**2 + 3*f + 2. Let z(h) = -h**2 + 14*h + 37. Let y be z(16). What is g(y)?
-2
Let k(t) = -t**2 - 2*t - 2. Let q = -6 - -2. Determine k(q).
-10
Let f(l) = 17 - 15*l**2 + 2*l - 7*l + 2*l + 5*l**3 + 2*l. Let y(j) = -2*j**3 + 5*j**2 - 6. Let w(a) = 3*f(a) + 8*y(a). Give w(-3).
-6
Let s(u) be the second derivative of u**3/6 + u**2/2 - 2*u - 3. Determine s(6).
7
Suppose -5*f - y - 2*y = 2, -5*f = -2*y - 18. Let z(w) = w**2 + w - 1. Let l(s) = s**3 - 3*s**2 - 5*s + 4. Let m(b) = l(b) + 3*z(b). Give m(f).
5
Suppose 2*b + 14 = 2*w, 0 = 3*w + b - 2*b - 13. Suppose -3*y + 10 = -2*h, 0 = -2*h - h - w*y - 15. Let g(k) = -2*k - 7. Determine g(h).
3
Let i(w) be the first derivative of -w**2/2 - w + 3. Let h(j) = 15*j + 1. Let n be h(1). Suppose f - n = 5*f. What is i(f)?
3
Let y(b) = 3 - 3*b - 2 - 2*b**2 - 10*b**2 + 14*b**2. Let j = -1 + 1. Suppose 2*f + j - 4 = 0. What is y(f)?
3
Let y be ((-3)/(-2))/((-4)/8). Let a be 8/6*15/10. Let n(o) = -3*o - 1 + o**a + 0*o + 5*o. Give n(y).
2
Let k(t) = -5 + 4 + 0*t + t**3 + t. Let h = -13 - -15. Give k(h).
9
Let t(r) be the first derivative of r**5/60 + r**4/12 - r**3/6 + 4*r**2 - 1. Let v(y) be the second derivative of t(y). Calculate v(1).
2
Let v(h) = -h**3 - 7*h**2 - 7*h - 3. Suppose q = -4 - 2. Give v(q).
3
Let j = 13 - 18. Let a(n) = -n. What is a(j)?
5
Let u(p) = -2*p + 1. Let w = -117 - -122. Give u(w).
-9
Let b(j) be the first derivative of j**2/2 - 2*j - 3. Suppose -d = d - 3*n - 19, 21 = 3*d - 2*n. Determine b(d).
3
Let v(y) be the third derivative of y**6/120 - 7*y**5/60 + 7*y**4/24 + y**3/2 - y**2. Give v(6).
9
Suppose -23 = 8*d - 79. Let t(c) = c**2 - 8*c - 2. Give t(d).
-9
Let q(l) = 9*l**2 + 2*l + 1. Let a(b) = b - 1. Let i be a(0). What is q(i)?
8
Let y(u) = 3*u + 3 - 4*u + 3*u. Calculate y(-5).
-7
Let s(i) = i**2 + 4*i. Let r = 9 + 3. Suppose 0 = 4*d - r, 3 = c + 3*d - 1. What is s(c)?
5
Let z be 2 - 1/1*-5. Let w(u) = -z*u + 4*u**3 + 3*u - 6*u**3 + 5*u**2 + 4 + u**3. Suppose 2*m - 3*a - 20 = 0, -12 = m - 5*m - a. Calculate w(m).
4
Suppose 0 = -0*m - m + g + 3, -8 = 4*g. Suppose 0 = 3*i + 2 + m. Let l(c) = -6*c - 1. Give l(i).
5
Let q(d) = -d - 5. Suppose 0 = w + 2*r, -3*r = -4*w - 4*r. Let j be q(w). Let i(s) = -s. Let n be i(j). Let m(l) = -l**3 + 5*l**2 + 2*l - 5. Calculate m(n).
5
Let g(i) = i**3 + 6*i**2 + i + 5. Let z be g(-6). Let p(u) = 11*u**3 + 2*u**2 + u. Calculate p(z).
-10
Let v(i) = -i**2 + i + 1. Let g be ((-5)/(-15))/(1/(-9)). Give v(g).
-11
Suppose -3*v - 5*d - 8 = 0, -d = 3*v + 10 - 6. Let i(u) be the second derivative of 7*u**5/20 - u**4/6 + u**2/2 - 2*u. What is i(v)?
-8
Let j(i) = -3 + 4 + i + 2*i**2 - i**2. Suppose t + 1 = 0, -4*d - 4*t = -22 + 6. Suppose d*r - 4 = -4*g - 1, -5*g = -10. Give j(r).
1
Suppose -16 = 3*z - 5*b, 3*z + 0*b = b + 4. Let k(s) = 0*s + z + s - 5. What is k(5)?
3
Suppose -c + 3*o - 9 = -2, -c + 4*o = 10. Suppose c*s + 0 - 6 = 0. Let r(b) = b**2 - 3*b - 1. Determine r(s).
-1
Let x(w) = -2 + 0 + 9 +